(base 4) to base 10
25
0 (base 3) to base 16
0
What is -99 (base 11) in base 9?
-130
89 (base 13) to base 3
11012
What is -22 (base 3) in base 6?
-12
15 (base 9) to base 11
13
-6 (base 16) to base 12
-6
Convert 4 (base 7) to base 6.
4
1101 (base 2) to base 12
11
Convert 3a (base 12) to base 11.
42
-2222 (base 4) to base 7
-332
Convert -21 (base 4) to base 5.
-14
3 (base 14) to base 6
3
11 (base 5) to base 11
6
-100 (base 2) to base 7
-4
Convert 40 (base 10) to base 13.
31
63 (base 8) to base 15
36
What is 32 (base 9) in base 12?
25
4 (base 16) to base 5
4
Convert -13 (base 5) to base 12.
-8
What is -10 (base 2) in base 16?
-2
What is 34 (base 7) in base 13?
1c
Convert -60 (base 9) to base 2.
-110110
-1303 (base 4) to base 2
-1110011
Convert 6 (base 15) to base 11.
6
Convert -21 (base 3) to base 16.
-7
What is 3 (base 5) in base 12?
3
4 (base 12) to base 5
4
Convert -34 (base 14) to base 7.
-64
What is -7 (base 14) in base 16?
-7
Convert -7 (base 14) to base 11.
-7
Convert -5 (base 16) to base 12.
-5
What is 43 (base 16) in base 13?
52
What is -1 (base 3) in base 4?
-1
44 (base 9) to base 5
130
What is -8 (base 9) in base 3?
-22
45 (base 11) to base 6
121
Convert 4 (base 10) to base 3.
11
What is 101200 (base 3) in base 12?
200
Convert -3 (base 8) to base 10.
-3
What is 2 (base 9) in base 16?
2
Convert 0 (base 5) to base 16.
0
What is 26 (base 12) in base 16?
1e
What is f (base 16) in base 7?
21
What is -4b (base 12) in base 15?
-3e
168 (base 10) to base 11
143
What is 21 (base 14) in base 3?
1002
What is 46 (base 11) in base 10?
50
What is 4a (base 11) in base 5?
204
Convert -106 (base 9) to base 7.
-153
-13 (base 5) to base 12
-8
Convert 4 (base 7) to base 13.
4
Convert 1 (base 5) to base 15.
1
-3 (base 6) to base 4
-3
Convert 13 (base 6) to base 2.
1001
Convert -1 (base 2) to base 16.
-1
Convert 32 (base 4) to base 10.
14
Convert 0 (base 15) to base 6.
0
Convert 1 (base 4) to base 10.
1
What is -c (base 13) in base 10?
-12
Convert -301 (base 4) to base 11.
-45
-1012 (base 4) to base 8
-106
What is -104 (base 11) in base 3?
-11122
2 (base 12) to base 13
2
-215 (base 7) to base 11
-a0
21a (base 13) to base 8
551
Convert -5 (base 6) to base 14.
-5
What is -3 (base 4) in base 5?
-3
Convert -1 (base 15) to base 10.
-1
Convert -95 (base 13) to base 8.
-172
-5 (base 11) to base 7
-5
3 (base 13) to base 4
3
-3 (base 13) to base 3
-10
-1 (base 3) to base 12
-1
-10 (base 8) to base 16
-8
Convert -20 (base 4) to base 9.
-8
Convert -10 (base 5) to base 16.
-5
What is -12 (base 12) in base 14?
-10
-36 (base 13) to base 10
-45
What is 1 (base 16) in base 13?
1
-1200 (base 4) to base 10
-96
70 (base 8) to base 11
51
-c (base 14) to base 11
-11
Convert 19 (base 13) to base 6.
34
-212 (base 3) to base 14
-19
24 (base 6) to base 4
100
Convert 3 (base 16) to base 12.
3
-3 (base 16) to base 14
-3
Convert -6 (base 12) to base 16.
-6
10 (base 8) to base 12
8
a0 (base 13) to base 16
82
-12 (base 11) to base 9
-14
Convert -255 (base 8) to base 12.
-125
What is -11 (base 10) in base 13?
-b
38 (base 13) to base 3
1202
Convert 156 (base 8) to base 12.
92
What is 28 (base 15) in base 4?
212
1 (base 5) to base 10
1
What is -8 (base 14) in base 4?
-20
What is 18 (base 16) in base 8?
30
-8 (base 13) to base 12
-8
31 (base 9) to base 8
34
What is 423 (base 5) in base 6?
305
What is 1023 (base 6) in base 13?
14a
What is 0 (base 10) in base 9?
0
-21220 (base 3) to base 12
-159
Convert 202 (base 7) to base 5.
400
142 (base 10) to base 7
262
1001 (base 2) to base 15
9
What is -17 (base 8) in base 3?
-120
Convert 2011 (base 3) to base 5.
213
Convert -4 (base 12) to base 11.
-4
Convert 13 (base 6) to base 4.
21
Convert -4 (base 14) to base 6.
-4
300 (base 6) to base 3
11000
What is 1 (base 4) in base 12?
1
Convert -32 (base 13) to base 5.
-131
-4 (base 10) to base 13
-4
What is -42 (base 13) in base 9?
-60
Convert -3 (base 13) to base 10.
-3
-8 (base 15) to base 8
-10
-11 (base 16) to base 15
-12
Convert -10 (base 2) to base 10.
-2
What is -24 (base 8) in base 13?
-17
Convert 103 (base 6) to base 8.
47
What is -4 (base 5) in base 3?
-11
Convert 12 (base 15) to base 10.
17
1 (base 5) to base 11
1
-100 (base 3) to base 9
-10
What is -2 (base 11) in base 10?
-2
51 (base 14) to base 5
241
What is -1 (base 7) in base 3?
-1
What is -1220 (base 5) in base 14?
-d3
What is -100 (base 4) in base 16?
-10
27 (base 13) to base 15
23
-120 (base 6) to base 16
-30
What is 1 (base 7) in base 14?
1
What is 1 (base 11) in base 6?
1
Convert -22 (base 15) to base 13.
-26
Convert -205 (base 6) to base 10.
-77
-4 (base 13) to base 12
-4
What is -6 (base 9) in base 6?
-10
What is 1103 (base 4) in base 11?
76
What is 65 (base 11) in base 3?
2122
Convert 10 (base 5) to base 6.
5
2212 (base 3) to base 5
302
-4c (base 13) to base 9
-71
11101011 (base 2) to base 16
eb
0 (base 15) to base 8
0
What is -1010 (base 2) in base 3?
-101
What is -4 (base 5) in base 13?
-4
What is -1121 (base 3) in base 7?
-61
What is -47 (base 16) in base 12?
-5b
2 (base 12) to base 3
2
-56 (base 7) to base 3
-1112
-101 (base 5) to base 16
-1a
1 (base 10) to base 11
1
-2 (base 14) to base 13
-2
Convert -93 (base 16) to base 10.
-147
Convert -3 (base 6) to base 7.
-3
What is 8 (base 9) in base 15?
8
What is 1a (base 14) in base 11?
22
What is 9 (base 15) in base 7?
12
1 (base 6) to base 14
1
What is -1302 (base 5) in base 7?
-406
-2 (base 5) to base 14
-2
What is 20021 (base 3) in base 16?
a9
Convert -9 (base 10) to base 13.
-9
What is -23 (base 5) in base 9?
-14
Convert 6 (base 15) to base 9.
6
-32 (base 7) to base 14
-19
Convert ad (base 15) to base 10.
163
What is 1 (base 15) in base 11?
1
What is 103 (base 4) in base 7?
25
Convert 4 (base 12) to base 6.
4
What is 4 (base 15) in base 14?
4
Convert -27 (base 8) to base 13.
-1a
1001 (base 3) to base 7
40
0 (base 14) to base 15
0
Convert 130 (base 4) to base 16.
1c
Convert 6 (base 13) to base 12.
6
Convert e (base 15) to base 4.
32
6 (base 15) to base 2
110
-10 (base 4) to base 14
-4
What is 10 (base 13) in base 14?
d
-35 (base 16) to base 14
-3b
Convert 4 (base 6) to base 10.
4
What is 67 (base 13) in base 14?
61
Convert -29 (base 15) to base 14.
-2b
What is 10110 (base 2) in base 7?
31
Convert -2101 (base 3) to base 10.
-64
ea (base 16) to base 6
1030
3 (base 13) to base 5
3
Convert 9 (base 13) to base 15.
9
What is 12 (base 7) in base 2?
1001
64 (base 7) to base 14
34
14 (base 5) to base 10
9
What is 10 (base 4) in base 8?
4
What is -1 (base 16) in base 2?
-1
Convert 1 (base 3) to base 11.
1
Convert -4 (base 11) to base 14.
-4
-57 (base 9) to base 3
-1221
-2 (base 6) to base 4
-2
Convert -10 (base 3) to base 11.
-3
-17 (base 10) to base 16
-11
Convert 63 (base 14) to base 10.
87
What is 2 (base 3) in base 6?
2
-40 (base 5) to base 15
-15
What is 1001 (base 2) in base 14?
9
Convert -10001110 (base 2) to base 11.
-11a
Convert 10 (base 6) to base 14.
6
32 (base 4) to base 12
12
Convert 3 (base 13) to base 5.
3
Convert 1 (base 10) to base 8.
1
What is b (base 14) in base 5?
21
4 (base 8) to base 13
4
24 (base 15) to base 16
22
What is 21 (base 3) in base 13?
7
What is -101 (base 2) in base 9?
-5
What is 2301 (base 4) in base 7?
342
Convert -1 (base 11) to base 7.
-1
What is -3 (base 16) in base 3?
-10
What is 232 (base 6) in base 8?
134
-3 (base 7) to base 10
-3
What is -10 (base 8) in base 3?
-22
What is 127 (base 13) in base 6?
534
Convert -1000 (base 2) to base 12.
-8
What is -1 (base 13) in base 5?
-1
What is -13 (base 7) in base 3?
-101
-54 (base 7) to base 16
-27
What is 4 (base 5) in base 11?
4
-22 (base 10) to base 8
-26
Convert -1 (base 10) to base 12.
-1
75 (base 12) to base 5
324
What is -2 (base 10) in base 5?
-2
210 (base 10) to base 11
181
0 (base 15) to base 14
0
43 (base 13) to base 15
3a
Convert -237 (base 9) to base 8.
-304
What is -23 (base 12) in base 13?
-21
Convert 132 (base 4) to base 2.
11110
What is 150 (base 9) in base 14?
90
-1 (base 14) to base 5
-1
Convert -13 (base 7) to base 3.
-101
221 (base 5) to base 15
41
What is 0 (base 5) in base 3?
0
Convert 166 (base 13) to base 6.
1101
What is 1 (base 15) in base 9?
1
41 (base 10) to base 11
38
-102 (base 4) to base 6
-30
11 (base 12) to base 8
15
Convert 95 (base 16) to base 7.
302
What is 16 (base 10) in